) = f**2 - f - 5. Is j(u) a prime number?
False
Let f(j) = 2*j**2 - 13*j + 10. Suppose 10 = 5*d - 35. Is f(d) a prime number?
False
Is -1 - 0 - 5 - -4895 composite?
False
Let w(k) = -3*k - 6. Let p be w(-2). Is p/(-2) - (-248 + -5) a prime number?
False
Let j = 115 - 76. Suppose -4*f = -3*f - j. Is f a composite number?
True
Let h(b) = -2*b**3 - b**2 - 2*b - 1. Let l be h(-1). Suppose 0 + 4 = l*t. Is -1 - -1*4*t a composite number?
False
Let k(z) = 108*z - 7. Is k(6) a composite number?
False
Let c = -1 + -7. Let s(w) = -28*w - 7. Is s(c) a prime number?
False
Let i be ((-922)/2)/((-4)/8). Suppose 2*h - 3*h + 2*a = -179, 5*h - a - i = 0. Is h a composite number?
True
Suppose 17*l + 733 = 18*l. Is l a prime number?
True
Let y = 36 + -22. Is y prime?
False
Let g(s) = 2*s**2 + 5*s - 6. Is g(-9) composite?
True
Let i = 372 + -195. Is i a composite number?
True
Let w(p) = -p + 32. Is w(13) a prime number?
True
Let y be ((-18)/(-21))/((-2)/(-14)). Suppose 0 = -2*o + 2*i + 786, y*o - 1176 = 3*o + 4*i. Suppose 4*d = -80 + o. Is d prime?
True
Is 325 + (2 + -4)*-2 a composite number?
True
Let z(k) be the third derivative of k**6/120 + k**5/10 - k**4/12 - k**3/3 - 7*k**2. Is z(-3) a composite number?
False
Let y(g) = 3*g - 11. Let i be y(5). Is 125/i - (-2)/(-8) prime?
True
Let m(j) be the third derivative of -2*j**4/3 - 3*j**3/2 - 5*j**2. Let z = 15 - 21. Is m(z) a prime number?
False
Suppose q - 325 = -4*q. Suppose 2*c + 5*f + 125 = 6*c, -2*f + q = 3*c. Is c composite?
True
Suppose -3*o + 8 = o, 2*q - o = 2. Let a = q - 3. Is 22/4*(3 + a) composite?
False
Is 877/3 + 8/12 a prime number?
True
Let a(p) = 74*p**3 + 2*p**2 + 3*p. Suppose z + 7 = -0. Let n(f) = -111*f**3 - 3*f**2 - 4*f. Let u(t) = z*a(t) - 5*n(t). Is u(1) a prime number?
True
Suppose -3*r = -2*r + 9. Let m(i) = i**3 + 9*i**2 - 5*i + 8. Is m(r) composite?
False
Let i(c) = -54*c + 23. Is i(-5) a prime number?
True
Suppose -5*l = -5*o - 5, -4*l - o + 7 = -l. Suppose l*q = 4*v + 2, -4*q + 13 = -0*q - 5*v. Is q a prime number?
True
Let n be 6/(-8) - (-2434)/(-8). Let a = -127 - n. Suppose -2*b + a + 22 = 4*y, -4*b + 43 = y. Is y composite?
True
Let r be 200/(-2)*(-9)/(-12). Let f = 22 - r. Is f prime?
True
Let g be 694 + 1 + -1 + -3. Let s = g - 356. Is s prime?
False
Let f(b) = -3*b. Let j be f(-3). Suppose p + 2*m = m + 78, 0 = -3*m - j. Let r = 160 - p. Is r a prime number?
True
Suppose 3*o + 4 = o. Let g be ((-77)/(-3) + 0)*3. Is (o - 0 - g)/(-1) a prime number?
True
Let h be (250/(-5))/((-4)/(-10)). Let o = -68 - h. Is o composite?
True
Suppose -28*n = -30*n + 12. Is n prime?
False
Let b = 308 + 99. Is b composite?
True
Let c(q) = -q**2 + 5*q - 2. Let s be c(3). Let n = 11 - -28. Let g = n - s. Is g composite?
True
Let s = 90 - 11. Is s a prime number?
True
Suppose -3*h + 163 = 34. Let m be (3/4)/((-4)/(-16)). Suppose h = 4*x + m*p, -3*p = -2*x - 2*x + 61. Is x a composite number?
False
Let g(l) = -2*l**2 + 19*l - 12. Let u(y) = y**2 - 10*y + 6. Let n(k) = -3*g(k) - 5*u(k). Let c be n(6). Suppose c*p - 174 = -3*p. Is p a prime number?
False
Let q(w) = w**2 - 1. Let d be q(1). Suppose 3*v + d*v = 0. Let i = 3 - v. Is i composite?
False
Suppose -4*x - 3*r + 2 = 0, -x + 2*x - 2*r = 6. Suppose x*s + 0 = 6. Suppose -s*u - 2*u + 185 = 0. Is u prime?
True
Suppose 0 = 2*m - 11 + 1. Suppose m*w = 4*l - 0*l + 261, 5*w - 249 = l. Suppose -365 + w = -4*s. Is s a prime number?
True
Suppose 5*y - g = 2*g + 24, 5*y = -5*g. Let d be 1*(210/y - -1). Suppose x - d = 42. Is x prime?
True
Suppose -1388 = -i - 3*i. Is i a prime number?
True
Suppose -4926 = -3*b + 3*i, 4908 = 5*b - 2*b + 3*i. Is b a composite number?
True
Let r = -17 + 9. Is 12/r*(-1652)/6 a composite number?
True
Suppose -3*i - 73 = -8*i - s, -2*s = 5*i - 76. Suppose -l = t + l, 5*t - 4*l - i = 0. Suppose 6 = t*n - 5*u - 55, 5*n - 235 = -4*u. Is n a composite number?
False
Suppose -5*o + 712 = -3*b, b + 1 = o - 141. Let i = o + 0. Is i composite?
True
Suppose -2*c - 4 = -a, -3*c + 2*c - 2 = -5*a. Suppose 95 = d - a*d. Is d a composite number?
True
Suppose 0 = -x - 3*o + 6*o + 11, 5*x - 3 = 2*o. Let a be -1 - x/((-1)/(-10)). Suppose 3*f + 0*f + 3*d - 39 = 0, a = f - d. Is f prime?
True
Let r = 3 - 5. Let l be (3 - 2) + (1 - r). Let f = l - -49. Is f a composite number?
False
Suppose -4*c + 226 = -3178. Is c composite?
True
Let z = 4784 + -2989. Is z a composite number?
True
Let s = -13 - -87. Suppose 2*q + 6 = s. Is q composite?
True
Suppose 4*o - 1518 - 1046 = 0. Is o a prime number?
True
Let o be -1 + -6 + -1 + 3. Let c(g) = -g**2 - 3*g + 7. Let d be c(o). Is (-86)/(-6) - (-1)/d a prime number?
False
Suppose 753 = 3*h - 5*d, -5*h + 1255 = -3*d + d. Is h prime?
True
Let n(b) = 2*b - 6. Let i be n(4). Suppose o - i*l + 345 = 6*o, -3*l - 276 = -4*o. Is o a prime number?
False
Let f be 6*3/(0 - 3). Let a = 208 + f. Is a a prime number?
False
Let w(l) = l**3 - 14*l**2 - l + 11. Is w(15) a prime number?
False
Suppose -32 - 76 = 4*a. Let j be (-9)/a - (-514)/6. Let z = -51 + j. Is z a composite number?
True
Let v be 3/(-2)*(-126 - 0). Suppose -i + 3*i - v = n, 0 = -3*i - 2*n + 301. Is i a prime number?
True
Let i = -2 + 6. Suppose 0 = i*h + 3*z - 1027, 0 = 2*h + z - 437 - 78. Is h composite?
True
Let f = -551 + 835. Suppose -f = 4*l - 8*l. Is l a composite number?
False
Let i = 17 - 14. Suppose u = -i*u + 596. Is u a composite number?
False
Let g(w) = 9*w**2 - 3*w - 4. Let o(l) = 19*l**2 - 7*l - 9. Let p(r) = 7*g(r) - 3*o(r). Let q be p(1). Suppose -q*y = -0*y - 55. Is y a composite number?
False
Suppose -15 = -3*x + 18. Let h(k) = -k**2 + 13*k + 13. Is h(x) prime?
False
Suppose 3*r - 3*h - 9 = 0, 2*r = -h - 0*h + 12. Suppose -r*u - 33 = -2*m, m + 3*u - 12 = -1. Is m a composite number?
True
Let o(y) = -y**2 + 2*y + 1. Let d be o(-1). Let i be (2/d)/(-2)*-1302. Let l = -440 - i. Is l prime?
True
Let l be (0 - (0 - -1))/1. Let r be -2*(l + 2) - 0. Let w = r - -25. Is w a prime number?
True
Let p = 1637 - 463. Suppose 5*o + d = 3360, 5*d = -2*o + p + 193. Is o prime?
False
Suppose -u = -g - 13, -u - 3*g + 10 = -23. Suppose 3*f + 4 = -n + u, 4*n + f - 12 = 0. Suppose 5*v - 44 = -2*x, v - n*v + 3*x = -19. Is v composite?
True
Suppose -5*c - 2*q = -0*c - 749, -10 = -5*q. Is c a composite number?
False
Let s(w) = 5*w - 2. Let z be s(5). Suppose -4*f + 243 - z = -q, -4*q - 110 = -2*f. Is f a prime number?
False
Let d(z) = 34*z**2 + 47*z + 11. Is d(10) a composite number?
False
Let s(n) = -2 + 6 + 8*n - 4 + 1. Suppose 0 = 5*i - y - 36, 0 = y - 5*y + 16. Is s(i) prime?
False
Suppose -y = 2*u + 2*y - 21, 5*u - 45 = -5*y. Let r(t) = 2*t**2 - 5*t + 9. Let m be r(u). Suppose 5*n = 5*w + 210, -2*n - w = -138 + m. Is n composite?
False
Let w(o) = o**3 + 4*o**2 - 4*o. Let d be w(-5). Is (-637)/d + (-14)/35 a composite number?
False
Let w(p) = -p**3 + 8*p**2 + 5*p - 1. Is w(7) a prime number?
True
Let t(b) = 1043*b**3 - 3*b + 2. Is t(1) prime?
False
Let z(x) = -105*x**3 + 3*x**2 + 6*x + 1. Is z(-2) a prime number?
False
Suppose 4*k = 2*j - 648, k = -5*j + 1867 - 214. Suppose -5*c = -65 - j. Is c a prime number?
True
Let z = 21 - -644. Is z/30 + (-1)/6 a prime number?
False
Let m be ((-2)/4)/((-2)/16). Is m/5*(-280)/(-16) composite?
True
Let x be (1 - -1) + 5 + -5. Suppose -320 = x*i - 6*i + 5*o, 5*o + 235 = 3*i. Is i prime?
False
Suppose 3*o - 2074 = 485. Is o composite?
False
Suppose 6*m - 2*m - 124 = 0. Suppose -m = 2*v - 3*v. Is v prime?
True
Suppose 2*t = 132 + 194. Is t composite?
False
Suppose -l + 807 + 34 = 0. Is l a composite number?
True
Let v be (-211)/2*(-2 + -2). Is (v/(-8))/((-5)/20) a prime number?
True
Let a be (10/8)/(2/8). Suppose -4*i - 5 = 7, a*i = 3*q - 27. Suppose -5*v + 153 = -3*v - 5*z, q*v - z - 315 = 0. Is v a prime number?
True
Let y = -557 - -398. Is ((-4)/12 + 0)*y a prime number?
True
Let s(z) be the third derivative of z**4/24 - z**3/6 - 2*z**2. Let o(j) = -4*j + 2. Let h(v) = o(v) - 4*s(v). Is h(-5) prime?
False
Suppose 4*z = g - 721, 2*g = -2*g + 3*z + 2884. Is g composite?
True
Let w(g) = 18*g**2 - g - 2. Let o be 0 + ((-4)/(-2) - 5). Is w(o) a prime number?
True
Suppose -2*g = -4*g. Suppose 2*n = -g*n + 142. Suppose 67 = 3*z - n. Is z a prime number?
False
Suppose 512 = -2*n + 28. Suppose 5*i + x = -874 + 2723, -5*i + 1825 = -5